 8?
-24
100 (base 3) to base 6
13
Convert 29 (base 11) to base 16.
1f
What is -1 (base 12) in base 7?
-1
What is -1 (base 6) in base 14?
-1
What is 10 (base 4) in base 3?
11
-23 (base 6) to base 7
-21
What is 3 (base 13) in base 8?
3
-7 (base 16) to base 14
-7
271 (base 8) to base 9
225
What is 7 (base 13) in base 11?
7
What is -1121 (base 3) in base 15?
-2d
38 (base 10) to base 4
212
1100 (base 3) to base 8
44
Convert -4 (base 11) to base 3.
-11
What is 74 (base 11) in base 16?
51
Convert -1 (base 14) to base 5.
-1
Convert 220 (base 9) to base 8.
264
What is -155 (base 7) in base 11?
-81
What is -db (base 15) in base 14?
-10a
What is 100 (base 9) in base 6?
213
What is 43 (base 13) in base 9?
61
Convert -5 (base 6) to base 5.
-10
Convert -10 (base 16) to base 9.
-17
What is 8a (base 13) in base 12?
96
What is 2 (base 3) in base 6?
2
What is -124 (base 5) in base 3?
-1110
Convert -50 (base 14) to base 11.
-64
What is -1 (base 2) in base 13?
-1
What is -5 (base 16) in base 7?
-5
What is -2 (base 10) in base 4?
-2
1 (base 2) to base 15
1
What is -21 (base 3) in base 8?
-7
Convert 3 (base 12) to base 15.
3
-275 (base 8) to base 12
-139
What is -3 (base 9) in base 5?
-3
What is -9 (base 12) in base 15?
-9
What is -10 (base 10) in base 5?
-20
Convert 33 (base 4) to base 5.
30
What is 10010000 (base 2) in base 15?
99
What is 1 (base 8) in base 16?
1
Convert 0 (base 10) to base 15.
0
What is -25 (base 6) in base 7?
-23
-225 (base 8) to base 12
-105
-4 (base 14) to base 2
-100
146 (base 10) to base 8
222
-50 (base 12) to base 16
-3c
-353 (base 6) to base 14
-a1
-11 (base 15) to base 11
-15
Convert 5 (base 11) to base 12.
5
-37 (base 12) to base 8
-53
What is -102 (base 16) in base 15?
-123
What is a (base 12) in base 6?
14
13 (base 12) to base 14
11
Convert -12000 (base 3) to base 10.
-135
Convert 1200 (base 3) to base 6.
113
-2d (base 14) to base 2
-101001
Convert -2 (base 5) to base 14.
-2
What is 44 (base 12) in base 16?
34
231 (base 6) to base 14
67
-7 (base 8) to base 13
-7
What is 0 (base 14) in base 10?
0
0 (base 4) to base 10
0
20 (base 8) to base 16
10
Convert -1 (base 15) to base 12.
-1
Convert 6 (base 12) to base 2.
110
Convert -1b (base 16) to base 14.
-1d
Convert -214 (base 5) to base 12.
-4b
-3 (base 15) to base 11
-3
Convert -21 (base 9) to base 4.
-103
What is -3 (base 12) in base 14?
-3
Convert -1 (base 16) to base 4.
-1
-1 (base 6) to base 14
-1
Convert -2 (base 5) to base 9.
-2
Convert 122 (base 6) to base 14.
38
12 (base 4) to base 14
6
What is 10 (base 10) in base 13?
a
1000 (base 3) to base 16
1b
What is 4 (base 9) in base 16?
4
What is -4 (base 13) in base 7?
-4
-2 (base 6) to base 3
-2
-165 (base 9) to base 10
-140
What is -201 (base 4) in base 12?
-29
What is 55 (base 7) in base 15?
2a
Convert -210 (base 3) to base 7.
-30
-44 (base 14) to base 2
-111100
54 (base 7) to base 8
47
Convert 31 (base 15) to base 8.
56
-15a (base 12) to base 7
-424
-29 (base 12) to base 15
-23
-17 (base 12) to base 13
-16
What is 0 (base 4) in base 13?
0
7 (base 9) to base 10
7
-44 (base 12) to base 3
-1221
What is 7 (base 8) in base 10?
7
Convert -130 (base 5) to base 8.
-50
What is -3 (base 11) in base 7?
-3
-2 (base 6) to base 12
-2
-6a (base 11) to base 3
-2211
What is 10 (base 3) in base 12?
3
Convert -2111 (base 4) to base 9.
-175
-10221 (base 3) to base 16
-6a
1010 (base 5) to base 13
a0
Convert 2 (base 12) to base 9.
2
-7 (base 10) to base 4
-13
Convert -1000 (base 2) to base 5.
-13
-63 (base 8) to base 4
-303
Convert -6b (base 14) to base 11.
-87
Convert 0 (base 16) to base 14.
0
What is 26 (base 7) in base 4?
110
Convert 415 (base 6) to base 16.
9b
2111 (base 3) to base 7
124
40 (base 16) to base 2
1000000
What is -55 (base 11) in base 8?
-74
2 (base 14) to base 6
2
Convert -432 (base 8) to base 5.
-2112
49 (base 16) to base 8
111
20 (base 3) to base 16
6
Convert 5 (base 16) to base 2.
101
Convert -1011 (base 2) to base 5.
-21
What is 41 (base 8) in base 6?
53
What is -ab (base 15) in base 9?
-188
Convert 21 (base 6) to base 14.
d
Convert 1 (base 6) to base 2.
1
What is a3 (base 15) in base 14?
ad
What is -16 (base 15) in base 6?
-33
Convert -4 (base 11) to base 3.
-11
4 (base 14) to base 10
4
Convert -111 (base 4) to base 5.
-41
Convert -11022 (base 3) to base 4.
-1310
Convert 3 (base 14) to base 2.
11
What is 34 (base 8) in base 11?
26
116 (base 8) to base 3
2220
What is 3a (base 14) in base 9?
57
Convert 60 (base 10) to base 14.
44
2 (base 7) to base 9
2
What is 1001101 (base 2) in base 15?
52
What is -2 (base 12) in base 4?
-2
30 (base 16) to base 4
300
Convert 0 (base 5) to base 3.
0
-33 (base 15) to base 11
-44
0 (base 12) to base 5
0
-21 (base 3) to base 14
-7
-80 (base 16) to base 15
-88
3 (base 15) to base 13
3
-110 (base 2) to base 14
-6
Convert 50 (base 7) to base 11.
32
Convert 217 (base 9) to base 13.
109
Convert -121 (base 3) to base 6.
-24
Convert 22 (base 12) to base 15.
1b
1 (base 4) to base 12
1
c (base 13) to base 5
22
Convert -1 (base 8) to base 2.
-1
1a2 (base 16) to base 6
1534
Convert -1c (base 14) to base 2.
-11010
31 (base 11) to base 9
37
3 (base 5) to base 13
3
-2 (base 6) to base 4
-2
Convert -16 (base 16) to base 5.
-42
Convert -20 (base 4) to base 11.
-8
Convert -1 (base 14) to base 15.
-1
-44 (base 13) to base 11
-51
What is 10001 (base 2) in base 12?
15
2 (base 5) to base 6
2
What is 1 (base 14) in base 16?
1
Convert 0 (base 4) to base 15.
0
What is -6 (base 7) in base 5?
-11
Convert -40 (base 12) to base 13.
-39
What is 1111011 (base 2) in base 16?
7b
-1 (base 16) to base 9
-1
Convert 2 (base 12) to base 5.
2
What is -101 (base 2) in base 8?
-5
Convert 1123 (base 4) to base 7.
160
Convert 9 (base 11) to base 13.
9
-2 (base 3) to base 9
-2
-9a (base 12) to base 9
-141
What is 218 (base 12) in base 14?
180
Convert 1000111 (base 2) to base 9.
78
What is ba (base 15) in base 6?
451
Convert 22 (base 9) to base 12.
18
1 (base 4) to base 11
1
10 (base 10) to base 4
22
Convert 18 (base 9) to base 15.
12
Convert 0 (base 12) to base 7.
0
What is 2 (base 8) in base 2?
10
Convert 3 (base 6) to base 16.
3
Convert -81 (base 15) to base 4.
-1321
-1101 (base 5) to base 4
-2113
3 (base 6) to base 11
3
What is -1 (base 4) in base 5?
-1
Convert 4 (base 7) to base 4.
10
Convert -44 (base 6) to base 5.
-103
What is 1 (base 16) in base 15?
1
Convert 3 (base 12) to base 10.
3
What is -b (base 13) in base 3?
-102
What is -3 (base 4) in base 5?
-3
What is -3 (base 8) in base 13?
-3
What is 5 (base 6) in base 12?
5
11110 (base 3) to base 10
120
Convert 2 (base 7) to base 3.
2
-111 (base 2) to base 3
-21
2020 (base 3) to base 13
48
What is -18 (base 13) in base 8?
-25
-1 (base 16) to base 5
-1
15 (base 13) to base 9
20
1 (base 12) to base 10
1
What is 0 (base 4) in base 7?
0
Convert 0 (base 8) to base 9.
0
174 (base 9) to base 13
b5
-21100 (base 3) to base 10
-198
Convert -1 (base 14) to base 2.
-1
What is 64 (base 13) in base 9?
101
76 (base 8) to base 16
3e
What is -137 (base 16) in base 9?
-375
What is 420 (base 6) in base 3?
12210
What is 119 (base 13) in base 11?
164
What is 10303 (base 4) in base 16?
133
Convert -7 (base 8) to base 10.
-7
-1b (base 12) to base 4
-113
What is 54 (base 13) in base 14?
4d
-b (base 16) to base 14
-b
Convert 15 (base 6) to base 3.
102
What is 140 (base 7) in base 2?
1001101
-25 (base 7) to base 14
-15
What is -a (base 15) in base 12?
-a
What is -127 (base 9) in base 4?
-1222
Convert 13 (base 5) to base 12.
8
Convert -456 (base 7) to base 15.
-10c
What is -55 (base 12) in base 7?
-122
Convert 35 (base 8) to base 13.
23
3 (base 4) to base 9
3
What is 0 (base 16) in base 2?
0
What is 1032 (base 4) in base 13?
60
-174 (base 15) to base 14
-19c
What is 1001 (base 2) in base 4?
21
Convert -11 (base 3) to base 12.
-4
-3 (base 8) to base 10
-3
What is -113 (base 5) in base 9?
-36
Convert -10 (base 7) to base 15.
-7
-101001 (base 2) to base 13
-32
Convert 1100100 (base 2) to base 12.
84
Convert -1b (base 16) to base 14.
-1d
Convert -4 (base 7) to base 10.
-4
What is -21 (base 3) in base 15?
-7
-2 (base 16) to base 8
-2
2 (base 7) to base 9
2
7a (base 13) to base 7
203
What is -4 (base 12) in base 9?
-4
What is 20 (base 11) in base 13?
19
What is -1 (base 9) in base 5?
-1
What is 54 (base 6) in base 11?
3